, 2*n = -4*d + 1664. Let t = -206 + d. Is t a composite number?
False
Is 3/((60/388)/5) a prime number?
True
Suppose 5 = 3*a + 23. Suppose 1 = -0*c - c. Is (57/a*2)/c prime?
True
Is -2 + 5 - (-534)/3*5 prime?
False
Suppose w - 4*b - 314 = 0, 3*b + 380 - 70 = w. Is w prime?
False
Suppose j = 2*j + 51. Let p = j + 73. Let s = p + -9. Is s prime?
True
Let m = -417 - -1376. Is m composite?
True
Suppose -n = -0*n - 3. Suppose 5*l = -2*j - 2*j + 115, -n*j = 3*l - 69. Is l composite?
False
Let o(f) = 14*f**3 + f**2 - f + 1. Suppose 0 = -2*i + 2 - 0. Is o(i) a composite number?
True
Let a = -4 - -7. Let v(x) = 8*x**2 + 4*x - 3. Let r be v(a). Suppose 0*p = -3*m - p + 229, 0 = m - 2*p - r. Is m a prime number?
False
Let q = -5498 - -9397. Is q a prime number?
False
Suppose -i - i = 0. Let m(l) = -l**3 - l**2 - l - 9. Let r be m(i). Let t = 20 + r. Is t composite?
False
Let n be ((-4)/(-2) - 2)/(-2). Suppose 5*w = 4*i + 45, -i + w - 10 = -n*i. Let k = i - -20. Is k a composite number?
True
Let z = 1654 + -1133. Is z a prime number?
True
Let g = 5 - 7. Let y = 4 + g. Is 2/(-3)*(-201)/y a composite number?
False
Let r(y) = -y**3 - 9*y**2 - 9*y + 1. Let o be r(-8). Suppose -4*f - 1165 = -o*f. Is f composite?
False
Let q(n) = n**3 - 8*n**2 + 2*n - 9. Let g be q(8). Let w(l) = -l**2 + 9*l + 4. Let t be w(g). Is 6/(-27) - (-958)/t a composite number?
False
Let i(f) = -397*f - 10. Is i(-3) a composite number?
False
Suppose 2*a + 5*x = -0*a - 8, 0 = x. Is (6/3)/(a/(-446)) prime?
True
Let n(i) = -i - 6. Let f be n(-8). Suppose 3*p + f = 8. Suppose 2*g = -3*h + 46, 5*g - p*h = 2*g + 82. Is g composite?
True
Let x(v) = -8*v + 3. Let r be x(3). Let j be 184/6 + (-7)/r. Let k = j - 6. Is k a prime number?
False
Suppose 3*f - 2*f = 5. Suppose 0 = -4*p + f - 1. Is (-25)/((-2 - -1)/p) a composite number?
True
Let f(j) = -j**3 + 7*j**2 + 2. Let n be f(7). Suppose 0 = -n*m - 0*m + 42. Is m composite?
True
Suppose 0 = 3*k - 6. Is (-838)/(-4) + k/(-4) a prime number?
False
Is (-1166)/2*(-7 + 2 - -4) prime?
False
Suppose 11 = 4*h + 2*p - 7, 0 = -h - 2*p. Suppose -t = -3*s + 1, 2 = 2*s - 2*t + 8. Suppose -s = 2*m - h. Is m a prime number?
True
Suppose 2*y = o - 49 - 35, 2*o - 173 = 3*y. Suppose -x - o = -3*x. Is x composite?
False
Suppose 2*c + 550 = 7*c. Suppose 0 = 3*b - b - c. Is b a prime number?
False
Let l(d) = 2*d**2 + d + 3. Let c be l(8). Let k = 68 - c. Let g = -18 - k. Is g prime?
True
Let g(h) = h**3 - 11*h**2 - h + 16. Let t be g(11). Suppose -115 - 50 = -4*c - t*k, c - 15 = 4*k. Is c prime?
False
Let l be (0/(-1))/(1 - 3). Suppose 0 = -4*h + 4*n + 1580, -3*h - 2*n - 2*n + 1199 = l. Is h a composite number?
False
Let b(q) = q**2. Let n(r) = 3*r**2 - 10*r - 6. Let v(p) = 6*b(p) - n(p). Let u be (-26)/4 + (-1)/2. Is v(u) a composite number?
False
Let c be 1*3/(-6)*-10. Let q(h) = 10*h - c*h + 19*h + 1. Is q(2) a composite number?
True
Let l = -46 - -157. Is l a prime number?
False
Let j = -251 + 453. Is j a prime number?
False
Suppose 4*n - 3*n = 39. Is n composite?
True
Let q be ((-4)/(-5))/((-4)/10). Is (199/(-2))/(q/4) prime?
True
Let l = 0 - 1. Let b be (-6)/4*(-36)/(-27). Is l*21/6*b composite?
False
Suppose 0*o - 4*o + q - 4 = 0, 3*o = 5*q - 20. Suppose m = -i - 2*m - 12, o = -5*i - 3*m. Suppose z - 5*z - i*a + 12 = 0, -9 = -3*z + a. Is z a prime number?
True
Let y = 3 - 4. Let z = 4 - y. Suppose m - 58 = -m - 2*v, 150 = z*m + 4*v. Is m prime?
False
Let c = 19 + 18. Is c prime?
True
Let w = 833 - 426. Is w a composite number?
True
Is 4 - 6 - (-1231 - (2 - 4)) a composite number?
True
Suppose 0 = 2*c - 3*n - 1345, 3*c - n + 1357 = 5*c. Is c a prime number?
True
Suppose -5*b = -b - 452. Is b prime?
True
Let t be (-20)/6 + 2/6. Is (-12)/t - (0 + -907) a composite number?
False
Suppose -i - 6 = -o + 16, 5*i + 76 = 3*o. Let q = 24 - o. Is q a prime number?
True
Suppose -4*g - 1085 = -3*k + 474, 2085 = 4*k + g. Is k composite?
False
Let a(k) = 188*k + 9. Is a(3) a prime number?
False
Suppose 7 = 4*x - 13. Suppose 0 = -5*u + 4*u - x*j + 121, u + 4*j = 123. Is u composite?
False
Let v(j) = -15*j + 2. Let z be ((-6)/15)/(1/10). Let y be v(z). Suppose 5*x - y = -2*p + x, 3*x = 0. Is p a composite number?
False
Suppose -30 = 5*n - 2*n. Let h(x) = -4*x - 15. Is h(n) a prime number?
False
Let n = 315 - -63. Is n/2 - (0 - -2) a composite number?
True
Let a(f) = -3*f**3 - 3*f**2 - 4*f - 6. Let t be 16/6*3/(-2). Let m be a(t). Suppose -m = -z - z. Is z composite?
True
Suppose -f = -k + 695, 2784 = -4*f + 4*k - k. Is 2/(f/705 + 1) prime?
False
Suppose 0 = -0*v + 4*v - 16. Is 15/12*v*13 composite?
True
Let y(o) = 0 - 2 + 22*o - 3. Is y(4) composite?
False
Let c = 198 + -124. Is c a prime number?
False
Suppose -10*k = -12*k + 1282. Is k a prime number?
True
Let n be 0 + 2/(2/(-7)). Let c(z) = -9*z - 10. Is c(n) composite?
False
Let z(b) = -b**2 - 6*b + 8. Let s be z(-10). Suppose 134 = p - 3*p. Let w = s - p. Is w a composite number?
True
Let z(d) = 2*d**3 + 4*d**2 + d - 5. Is z(4) a prime number?
True
Let f = 53 - 2. Is f prime?
False
Suppose h = 69 - 259. Let u = 15 - 126. Let r = u - h. Is r a composite number?
False
Suppose b = -b + 4. Suppose 0*a + b*z - 178 = -4*a, -2*a - 3*z + 95 = 0. Is a composite?
False
Is -2*9/12*(-39 + 1) a composite number?
True
Suppose -5*p + 1931 = -7964. Is p composite?
False
Suppose 150 = 2*a + 2*z - 684, 5*a - 2*z = 2120. Is a prime?
False
Let y(k) = -k**3 - 9*k**2 - 6*k - 3. Is y(-9) prime?
False
Suppose -2*b = g + 8, 4*b + 2*g + 16 = 3*g. Let l = 6 + b. Suppose 0 = -3*k - 2*o + 603, -o = -l*k + 4*o + 421. Is k a composite number?
True
Let w = -6 - -6. Suppose -2*o - 25 + 199 = w. Is o composite?
True
Let t(q) = q**2 - 3*q + 6. Let p = 2 + 5. Is t(p) composite?
True
Let x(m) = -2*m + 5. Let g be x(5). Is (0 + -2)/(1/g) a composite number?
True
Suppose 2*k = -k + 1461. Is k composite?
False
Let w(t) = 161*t - 1. Let j be w(2). Let b = -98 + j. Is b composite?
False
Let n = -311 - -468. Is n a composite number?
False
Suppose -2*u + 12 = -2*y, -u + 0*u + 4*y + 15 = 0. Suppose 4*s - 3*s - u = -g, s + 32 = 4*g. Let b = 16 + g. Is b a composite number?
False
Suppose -4*c + 1352 + 1448 = 4*l, 4*c = -4. Is l a prime number?
True
Let m(f) = 39*f**2 + 11. Is m(-4) a prime number?
False
Let y(o) = 10*o**2 - 6*o + 7. Let m(x) = -x**2 + x - 1. Let z(q) = 4*m(q) + y(q). Is z(-5) prime?
True
Let k(u) = -u**2 - 7*u - 1. Let q be ((-2)/(-6))/((-1)/15). Let i be k(q). Is (-50)/3*i/(-6) prime?
False
Is 5/((-4)/(-116) - 0) a prime number?
False
Let i = 119 - 84. Suppose -p + 18 + i = 2*d, -5*d = 5*p - 270. Is p a composite number?
True
Suppose -7 = -p - 3. Suppose 0 = p*x - 116 - 124. Suppose 19 + x = z. Is z a composite number?
False
Let j(x) = -x**2 + 5*x - 4. Let c be j(3). Suppose 0 = -c*w + 47 - 11. Is (1 + w)/(3/15) prime?
False
Let u(i) = i**3 + 3*i**2 + i + 4. Let a be u(-2). Suppose a = 2*l - j - 106, -2*l + 128 = 3*j. Is l a composite number?
True
Let q = 36 - 17. Suppose v = 16 + q. Suppose 2*m = v - 7. Is m a prime number?
False
Let j be 4/(-18) - 75/27. Let n be (2 - 0) + j - 5. Is (-658)/n - 8/12 a composite number?
False
Suppose -p = -0*p + 4. Is (-14)/p*(-11 - -13) a composite number?
False
Let g(r) = r**2 + 8*r - 16. Let l be 1 - ((-3 - -20) + -3). Is g(l) prime?
False
Let z(s) = s**2 + 5*s + 2. Let g be (-2 - -3) + -7 + 1. Let a be z(g). Is -2 - 2*(-145)/a a composite number?
True
Suppose -6 = -o - 0*o. Let j be (-1 - -6)/(o - 5). Suppose -j*r = -4*r - 37. Is r a composite number?
False
Let o = 20 + -10. Let c = o - 6. Suppose 0 = 2*i - c, -3*f + 2*i = -87 + 34. Is f composite?
False
Suppose -v = 4*v - 15. Suppose 2*i = v*i. Suppose -5*w = 5, i = 3*q + 3*w - 8*w - 164. Is q a prime number?
True
Let z(y) = y + 7. Let o be z(-8). Is o/((-3 + 4)/(-257)) a prime number?
True
Let v = -295 + 425. Suppose 3*t = 2*c - v, 2*c - 5*c + 169 = 2*t. Is c prime?
True
Suppose 2*z + 0*z - 2*v - 632 = 0, 1568 = 5*z + v. Is z a composite number?
True
Let p = 1 - 1. Let v be (-20)/(-4) - (0 + p). Suppose v*n - 22 = 33. Is n composite?
False
Let l = -84 - -507. Let x = l - 278. Suppose -3*u + x - 4 = 0. Is u composite?
False
Is 1 - (-1)/(-2) - (-1085)/10 composite?
False
Is 469/5 - 1 - (-2)/10 a composite number?
True
Let j(s) = -s**3 - 5*s**2 - 5*s - 5. Let 